{"id":18,"date":"2022-06-18T21:47:28","date_gmt":"2022-06-18T19:47:28","guid":{"rendered":"http:\/\/mwfrjus.cluster030.hosting.ovh.net\/?page_id=18"},"modified":"2022-06-30T20:01:37","modified_gmt":"2022-06-30T18:01:37","slug":"conseil-dadministration","status":"publish","type":"page","link":"https:\/\/alerte-sanfloraine.fr\/index.php\/conseil-dadministration\/","title":{"rendered":"Conseil d&rsquo;Administration"},"content":{"rendered":"\n<figure class=\"wp-block-table\"><table><tbody><tr><td><strong>Nom<\/strong><\/td><td><strong>Pr\u00e9nom<\/strong><\/td><td><strong>Fonction<\/strong><\/td><\/tr><tr><td>BOUILLAGUET<\/td><td>Philippe<\/td><td>Pr\u00e9sident<\/td><\/tr><tr><td>ROUX<\/td><td>Vincent<\/td><td>Vice-Pr\u00e9sident<\/td><\/tr><tr><td>LABRO<\/td><td>Pierre<\/td><td>Secr\u00e9taire<\/td><\/tr><tr><td>TRONCIN<\/td><td>Pascal<\/td><td>Tr\u00e9sorier<\/td><\/tr><tr><td>DUMAS<\/td><td>Philippe<\/td><td>Membre<\/td><\/tr><tr><td>MALLET<\/td><td>Jean-Luc<\/td><td>Membre<\/td><\/tr><tr><td>ANGLADE<\/td><td>Pierre<\/td><td>Membre<\/td><\/tr><tr><td>SABATIER<\/td><td>Daniel<\/td><td>Membre<\/td><\/tr><tr><td>LEGROS<\/td><td>Christophe<\/td><td>Membre<\/td><\/tr><tr><td>TAVARES<\/td><td>R\u00e8gis<\/td><td>Membre<\/td><\/tr><\/tbody><\/table><\/figure>\n","protected":false},"excerpt":{"rendered":"<p>Nom Pr\u00e9nom Fonction BOUILLAGUET Philippe Pr\u00e9sident ROUX Vincent Vice-Pr\u00e9sident LABRO Pierre Secr\u00e9taire TRONCIN Pascal Tr\u00e9sorier DUMAS Philippe Membre MALLET Jean-Luc Membre ANGLADE Pierre Membre SABATIER Daniel Membre LEGROS Christophe Membre TAVARES R\u00e8gis Membre<\/p>\n","protected":false},"author":1,"featured_media":0,"parent":0,"menu_order":0,"comment_status":"closed","ping_status":"closed","template":"","meta":{"footnotes":""},"class_list":["post-18","page","type-page","status-publish","hentry"],"_links":{"self":[{"href":"https:\/\/alerte-sanfloraine.fr\/index.php\/wp-json\/wp\/v2\/pages\/18","targetHints":{"allow":["GET"]}}],"collection":[{"href":"https:\/\/alerte-sanfloraine.fr\/index.php\/wp-json\/wp\/v2\/pages"}],"about":[{"href":"https:\/\/alerte-sanfloraine.fr\/index.php\/wp-json\/wp\/v2\/types\/page"}],"author":[{"embeddable":true,"href":"https:\/\/alerte-sanfloraine.fr\/index.php\/wp-json\/wp\/v2\/users\/1"}],"replies":[{"embeddable":true,"href":"https:\/\/alerte-sanfloraine.fr\/index.php\/wp-json\/wp\/v2\/comments?post=18"}],"version-history":[{"count":5,"href":"https:\/\/alerte-sanfloraine.fr\/index.php\/wp-json\/wp\/v2\/pages\/18\/revisions"}],"predecessor-version":[{"id":289,"href":"https:\/\/alerte-sanfloraine.fr\/index.php\/wp-json\/wp\/v2\/pages\/18\/revisions\/289"}],"wp:attachment":[{"href":"https:\/\/alerte-sanfloraine.fr\/index.php\/wp-json\/wp\/v2\/media?parent=18"}],"curies":[{"name":"wp","href":"https:\/\/api.w.org\/{rel}","templated":true}]}}